ate l(-18).
13
Let m(t) = -t**3 - 10*t**2 - 12*t - 9. Calculate m(-4).
-57
Let j(n) = 3*n + 19. Calculate j(-4).
7
Let g(t) = -t - 7. What is g(-10)?
3
Let g(w) = w**3 - w**2 + 2*w - 32. Determine g(0).
-32
Let c(k) = 3*k - 64. Calculate c(26).
14
Let b(w) = -w**3 + 4*w**2 + w - 3. Give b(4).
1
Let n(d) = -d**3 - 3*d**2 - 48*d - 91. What is n(-2)?
1
Let h(p) = -p**3 - 15*p**2 - 26*p + 7. What is h(-13)?
7
Let v(w) = 6*w - 2. What is v(3)?
16
Let i(y) = -y**3 - 2*y - 125. What is i(0)?
-125
Let s(t) = t**3 - 10*t**2 - 17*t + 9. Give s(11).
-57
Let a(y) = -9*y - 1. Give a(-1).
8
Let b(p) = p**2 - 11*p - 37. Calculate b(14).
5
Let s(c) = c + 9. Determine s(-3).
6
Let b(t) = -t**3 + 6*t**2 + 9*t - 12. Calculate b(7).
2
Let g(j) = 5*j**3 + 2*j**2 + j - 1. Calculate g(-2).
-35
Let d(h) = h - 16. Give d(11).
-5
Let n(o) = -2*o**2 - 34*o + 4. What is n(-17)?
4
Let s(f) = -5*f**2 + 35*f - 7. Give s(7).
-7
Let o(l) = 2*l**3 + 12*l**2 + 6*l - 7. Determine o(-5).
13
Let y(u) = -u - 10. Determine y(7).
-17
Let d(y) = y - 8. Give d(-4).
-12
Let v(g) = g**2 + 6*g - 6. Give v(-4).
-14
Let n(b) = b**2 + 12*b + 16. Determine n(-11).
5
Let n(r) = r**2 + 31*r + 140. Determine n(-6).
-10
Let y(x) = x**3 + x - 4. What is y(2)?
6
Let p(j) = -58*j + 2. What is p(-1)?
60
Let s(o) = 2*o**3 + 2*o**2 - o + 1. Determine s(-2).
-5
Let k(c) = c**3 + 4*c**2 + 5*c - 1. What is k(-3)?
-7
Let i(v) = -32*v - 9. Calculate i(1).
-41
Let o(h) = 2*h**2 - 28*h + 25. Determine o(13).
-1
Let s(v) = -4*v - 43. Determine s(-10).
-3
Let a(c) = c**3 + 16*c**2 - 51*c + 121. What is a(-19)?
7
Let j(r) = r**3 + 6*r**2 - 2*r + 14. What is j(-6)?
26
Let a(s) = s**3 + 28*s**2 + 28*s + 18. Determine a(-27).
-9
Let m(u) = -3*u**2 + 10*u + 23. Give m(-2).
-9
Let h(o) = -o + 3. Determine h(3).
0
Let r(z) = -4*z + 22. Give r(7).
-6
Let t(v) = -v**3 - 15*v**2 - v - 16. What is t(-15)?
-1
Let h(b) = 2*b - 20. Calculate h(4).
-12
Let d(s) = -2*s**3 + s**2 - 4*s - 3. What is d(-2)?
25
Let i(z) = -z**3 - z**2 - z - 67. Give i(0).
-67
Let i(u) = u**3 + 9*u**2 - 7*u + 26. Determine i(-10).
-4
Let v(s) = 4*s + 44. Give v(-4).
28
Let w(c) = -c**3 - 6*c**2 + 7*c + 1. Give w(-7).
1
Let p(o) = 2*o + 4. Determine p(4).
12
Let h(j) = -20*j**3 + j**2 + 2*j. What is h(2)?
-152
Let o(v) = -v**2 - 11*v + 669. Determine o(-32).
-3
Let x(h) = -h**3 - 6*h**2 + 9*h + 14. What is x(-7)?
0
Let f(j) = -j**3 + 5*j**2 + 4*j + 1. Determine f(7).
-69
Let o(b) = -b**2 + 19*b - 42. Give o(16).
6
Let v(b) = 133*b + 539. Determine v(-4).
7
Let z(r) = r**2 - 10*r + 14. Determine z(9).
5
Let g(i) = 2*i + 32. Calculate g(-14).
4
Let u(l) = -l**3 + 10*l**2 + 10*l + 12. Determine u(11).
1
Let y(i) = -i**2 + 39. Determine y(0).
39
Let h(r) = 20*r + 366. Give h(-18).
6
Let s(x) = -x**2 + 12*x - 5. What is s(8)?
27
Let r(z) = -z**3 + 8*z**2 - 9*z + 1. Calculate r(7).
-13
Let s(n) = -27*n + 6. Determine s(4).
-102
Let h(k) = -k**2 - 3. Give h(6).
-39
Let i(a) = a**3 + 16*a**2 + 17*a + 2. Determine i(-15).
-28
Let z(y) = -y**2 - 42*y - 74. What is z(-40)?
6
Let r(x) = x**3 + 2*x**2 + 2*x - 1. Give r(-4).
-41
Let q(l) = 3*l**2 + 23*l + 5. Give q(-10).
75
Let j(d) = d**2 - 15*d + 3. What is j(15)?
3
Let d(j) = j**2 - 21*j + 8. Determine d(18).
-46
Let t(r) = -r**3 - 6*r**2 - 3*r + 4. What is t(-5)?
-6
Let z(n) = -n**3 - 34. Determine z(0).
-34
Let f(r) = -16*r + 84. Give f(5).
4
Let o(b) = 20*b**3 + 2*b**2 + b - 2. Give o(1).
21
Let i(z) = z**2 - 19*z - 6. Calculate i(19).
-6
Let b(r) = -3*r**2 - r + 4. Give b(3).
-26
Let f(v) = v**2 - 25*v + 6. Calculate f(25).
6
Let r(v) = v**2 + 26*v - 4. Determine r(-26).
-4
Let t(w) = -w**3 - 6*w**2 + 6*w - 1. Calculate t(-7).
6
Let k(w) = -2*w + 10. Determine k(-3).
16
Let g(h) = h**2 - 6. Determine g(6).
30
Let w(h) = -h - 13. Give w(-4).
-9
Let q(n) = -2*n**2 + 19*n - 21. Calculate q(8).
3
Let d(j) = j**3 + j - 4. What is d(0)?
-4
Let x(f) = 17*f + 59. What is x(-4)?
-9
Let p(b) = -88*b + 276. Give p(3).
12
Let m(h) = 3*h**2 + 7*h - 14. Give m(3).
34
Let t(i) = -4*i - 7. Give t(6).
-31
Let t(l) = -4*l - 113. What is t(-28)?
-1
Let f(l) = l**2 - 11*l + 8. Determine f(9).
-10
Let q(g) = 4*g - 39. What is q(11)?
5
Let r(u) = -u**3 - 4*u**2 + 4*u - 1. Give r(-5).
4
Let v(o) = -2*o**3 - 8*o**2 - o. What is v(-4)?
4
Let j(c) = 17*c - 13. Calculate j(3).
38
Let z(s) = 6*s + 35. Calculate z(8).
83
Let a(i) = 43*i**3 - i. What is a(1)?
42
Let z(j) = j**3 - 37*j**2 + 33*j + 91. Determine z(36).
-17
Let p(i) = -2*i - 3. Calculate p(-2).
1
Let l(y) = 7*y + 22. Determine l(10).
92
Let b(r) = r**3 - r**2 - r. Determine b(0).
0
Let o(z) = -z**3 - 10*z**2 - 6*z + 9. Calculate o(-9).
-18
Let i(h) = h**3 - 33*h**2 - 19*h - 512. Determine i(34).
-2
Let z(x) = -112*x + 559. Calculate z(5).
-1
Let t(g) = g**3 - g**2 - 14*g - 7. Determine t(-3).
-1
Let o(h) = -h - 20. Calculate o(-6).
-14
Let f(j) = -j**2 - 24*j - 80. What is f(-21)?
-17
Let j(h) = 6*h - 13. What is j(4)?
11
Let g(s) = -s**2 + 16*s - 38. Determine g(17).
-55
Let t(c) = -c**3 - 7*c**2 + 9*c + 12. Calculate t(-8).
4
Let l(o) = 3*o**2 + 121*o - 84. Determine l(-41).
-2
Let w(p) = p**3 - 4*p**2 - 11*p + 2. What is w(5)?
-28
Let n(c) = c**3 + 11*c**2 + 28*c + 88. Determine n(-9).
-2
Let y(d) = 2*d + 21. What is y(5)?
31
Let d(i) = -4*i - 30. Give d(-9).
6
Let l(r) = r**3 - 5*r**2 - 5*r + 14. Calculate l(4).
-22
Let d(h) = 11*h**2 + 30*h - 4. Determine d(-3).
5
Let c(l) = -7*l**3 - 3*l - 1. Calculate c(-2).
61
Let f(w) = w**3 - 42*w**2 - 45*w + 34. Calculate f(43).
-52
Let a(s) = -s**3 - 3*s**2 + 13*s + 15. Determine a(-5).
0
Let w(x) = 9*x**3 - 2*x. Determine w(2).
68
Let a(y) = 2*y**2 + 24*y - 56. Give a(-12).
-56
Let j(y) = y + 24. What is j(-24)?
0
Let r(d) = 4*d**3 + 271*d**2 - 66*d + 139. What is r(-68)?
3
Let c(h) = 3*h**2 + 44*h + 142. What is c(-6)?
-14
Let q(o) = -o**2 - 31*o + 26. Give q(-32).
-6
Let y(b) = 2*b - 5. What is y(3)?
1
Let o(q) = q**3 + 9*q**2 - 5*q - 9. Give o(-9).
36
Let n(w) = -w**3 - 21*w**2 - 4*w - 25. Give n(-21).
59
Let l(h) = 2*h**2 - 10*h + 6. Determine l(4).
-2
Let g(z) = z**2 + 15*z + 57. What is g(-9)?
3
Let p(h) = -2*h - 12. What is p(-5)?
-2
Let z(c) = 2*c**2 + 2*c + 1. What is z(-1)?
1
Let y(i) = -9*i**3 - 2*i**2 + 8*i + 9. Determine y(-1).
8
Let o(g) = 5*g + 16. Calculate o(-4).
-4
Let y(u) = -u**3 - 7*u**2 - 6*u + 6. Determine y(-6).
6
Let o(a) = 10*a - 15. Give o(6).
45
Let i(r) = -12*r + 29. Give i(6).
-43
Let a(m) = m**3 + 8*m**2 - 8*m + 37. Calculate a(-9).
28
Let l(y) = -13*y - 153. Calculate l(-17).
68
Let m(u) = 2*u**2 + 19*u + 5. Calculate m(-10).
15
Let d(w) = 3*w - 62. Calculate d(25).
13
Let b(g) = g**2 - 17*g + 32. Determine b(18).
50
Let p(h) = -h**2 + h - 2. Give p(-5).
-32
Let z(k) = 3*k + 23. Calculate z(-11).
-10
Let s(z) = -19*z - 4. What is s(-1)?
15
Let h(i) = -24*i. What is h(2)?
-48
Let o(l) = l**3 - 12*l**2 - l - 6. What is o(12)?
-18
Let u(g) = 40*g - 45. What is u(1)?
-5
Let n(s) = s**3 + 11*s**2 + 19*s - 1. Calculate n(-9).
-10
Let h(z) = z**3 - 5*z**2 + 4*z - 3. Give h(6).
57
Let w(u) = -2*u + 26. Determine w(16).
-6
Let o(i) = -i**3 - 31*i**2 + 31*i - 6. Determine o(-32).
26
Let y(q) = 101*q - 4. What is y(1)?
97
Let d(m) = -m**2 - 3*m. What is d(3)?
-18
Let r(m) = -3*m**2 - 6*m - 1. Give r(-4).
-25
Let j(w) = -w**2 - w + 7. Determine j(-5).
-13
Let r(y) = -y**3 + 4*y**2 + 9*y + 6. Calculate r(6).
-12
Let k(s) = 4*s + 33. Determine k(-10).
-7
Let l(n) = -21*n - 488. Give l(-24).
16
Let c(t) = -t**2 - 10*t - 22. Determine c(-6).
2
Let a(o) = -o**2 - o + 25. Give a(-6).
-5
Let z(b) = b**2 - 5*b - 4. Calculate z(3).
-10
Let y(z) = -2*z**3 - 90*z**2 - 2*z - 92. What is y(-45)?
-2
Let h(k) = k**3 + 9*k**2 + 7*k - 4. Determine h(-6).
62
Let l(u) = u**3 - u**2 - 28*u. Calculate l(-5).
-10
Let u(p) = p**3 - 13*p**2 - 16*p + 17. What is u(14)?
-11
Let z(b) = -b**3 - 2*b**2 + 4*b - 2. What is z(3)?
-35
Let a(c) = -c**2 - 27*c - 47. Give a(-24).
25
Let w(f) = -f + 7. What is w(5)?
2
Let n(u) = 11*u - 255. Determine n(23).
-2
Let v(g) = g**2 + 16*g + 29. What is v(-4)?
-19
Let i(c) = -c**3 + 24*c**2 - 23*c - 13. Determine i(23).
-13
Let m(z) = 3*z - 20. Determine m(17).
31
Let m(q) = -q**3 + 37*q**2 - 34*q - 68. What is m(36)?
4
Let t(l) = l**2 + 4*l. Determine t(-4).
0
Let a(l) = -l**3 + 9*l**2 - 2*l +